{"id":2,"date":"2025-10-24T09:35:00","date_gmt":"2025-10-24T09:35:00","guid":{"rendered":"https:\/\/ostafamp.es\/?page_id=2"},"modified":"2025-12-11T07:28:35","modified_gmt":"2025-12-11T07:28:35","slug":"inicio","status":"publish","type":"page","link":"https:\/\/ostafamp.es\/","title":{"rendered":"Inicio"},"content":{"rendered":"<p>[et_pb_section fb_built=\u00bb1&#8243; custom_padding_last_edited=\u00bbon|phone\u00bb _builder_version=\u00bb4.27.4&#8243; _module_preset=\u00bbdefault\u00bb background_image=\u00bbhttps:\/\/ostafamp.es\/wp-content\/uploads\/2025\/10\/banner-osta-web-scaled.png\u00bb custom_padding=\u00bb122px||88px||false|false\u00bb custom_padding_tablet=\u00bb122px||88px||false|false\u00bb custom_padding_phone=\u00bb45px||22px||false|false\u00bb global_colors_info=\u00bb{}\u00bb][et_pb_row column_structure=\u00bb2_5,3_5&#8243; use_custom_gutter=\u00bbon\u00bb _builder_version=\u00bb4.27.4&#8243; _module_preset=\u00bbdefault\u00bb width_tablet=\u00bb\u00bb width_phone=\u00bb\u00bb width_last_edited=\u00bbon|desktop\u00bb max_width_tablet=\u00bb\u00bb max_width_phone=\u00bb\u00bb max_width_last_edited=\u00bbon|desktop\u00bb custom_padding=\u00bb32px||32px||true|\u00bb global_colors_info=\u00bb{}\u00bb][et_pb_column type=\u00bb2_5&#8243; _builder_version=\u00bb4.27.4&#8243; _module_preset=\u00bbdefault\u00bb global_colors_info=\u00bb{}\u00bb][et_pb_text _builder_version=\u00bb4.27.4&#8243; _module_preset=\u00bbdefault\u00bb header_text_color=\u00bb#FFFFFF\u00bb header_font_size=\u00bb53px\u00bb header_line_height=\u00bb1.1em\u00bb header_2_text_color=\u00bb#B7F9C7&#8243; header_2_font_size=\u00bb28px\u00bb header_2_line_height=\u00bb1.2em\u00bb custom_margin=\u00bb||25px|||\u00bb header_text_align_tablet=\u00bb\u00bb header_text_align_phone=\u00bbcenter\u00bb header_text_align_last_edited=\u00bbon|phone\u00bb header_font_size_tablet=\u00bb\u00bb header_font_size_phone=\u00bb40px\u00bb header_font_size_last_edited=\u00bbon|desktop\u00bb header_line_height_tablet=\u00bb\u00bb header_line_height_phone=\u00bb\u00bb header_line_height_last_edited=\u00bbon|desktop\u00bb header_2_text_align_tablet=\u00bb\u00bb header_2_text_align_phone=\u00bbcenter\u00bb header_2_text_align_last_edited=\u00bbon|phone\u00bb header_2_font_size_tablet=\u00bb\u00bb header_2_font_size_phone=\u00bb20px\u00bb header_2_font_size_last_edited=\u00bbon|desktop\u00bb header_2_line_height_tablet=\u00bb\u00bb header_2_line_height_phone=\u00bb\u00bb header_2_line_height_last_edited=\u00bbon|desktop\u00bb global_colors_info=\u00bb{}\u00bb]<\/p>\n<h1><span data-olk-copy-source=\"MessageBody\">Observatorio para la Sostenibilidad Tur\u00edstica Local de Andaluc\u00eda<\/span><\/h1>\n<h2><span data-olk-copy-source=\"MessageBody\">Conocimiento sobre el desarrollo de la sostenibilidad tur\u00edstica a escala local en Andaluc\u00eda<\/span><\/h2>\n<p>[\/et_pb_text][et_pb_button button_url=\u00bbhttps:\/\/observatorio.ostafamp.es\u00bb url_new_window=\u00bbon\u00bb button_text=\u00bbAccede al OSTA\u00bb button_alignment_tablet=\u00bb\u00bb button_alignment_phone=\u00bbcenter\u00bb button_alignment_last_edited=\u00bbon|phone\u00bb _builder_version=\u00bb4.27.4&#8243; _module_preset=\u00bbdefault\u00bb custom_button=\u00bbon\u00bb button_text_size=\u00bb25px\u00bb button_text_color=\u00bb#020282&#8243; button_bg_color=\u00bb#B7F9C7&#8243; button_border_color=\u00bbRGBA(255,255,255,0)\u00bb custom_padding_tablet=\u00bb\u00bb custom_padding_phone=\u00bb\u00bb custom_padding_last_edited=\u00bbon|desktop\u00bb button_text_size_tablet=\u00bb25px\u00bb button_text_size_phone=\u00bb20px\u00bb button_text_size_last_edited=\u00bbon|desktop\u00bb global_colors_info=\u00bb{}\u00bb][\/et_pb_button][\/et_pb_column][et_pb_column type=\u00bb3_5&#8243; _builder_version=\u00bb4.27.4&#8243; _module_preset=\u00bbdefault\u00bb global_colors_info=\u00bb{}\u00bb][et_pb_image src=\u00bbhttps:\/\/ostafamp.es\/wp-content\/uploads\/2025\/11\/Logos-OSTA-der.svg\u00bb title_text=\u00bbLogos OSTA der\u00bb _builder_version=\u00bb4.27.4&#8243; _module_preset=\u00bbdefault\u00bb custom_padding_tablet=\u00bb\u00bb custom_padding_phone=\u00bb20px||||false|false\u00bb custom_padding_last_edited=\u00bbon|phone\u00bb global_colors_info=\u00bb{}\u00bb][\/et_pb_image][\/et_pb_column][\/et_pb_row][\/et_pb_section][et_pb_section fb_built=\u00bb1&#8243; custom_padding_last_edited=\u00bbon|phone\u00bb _builder_version=\u00bb4.27.4&#8243; _module_preset=\u00bbdefault\u00bb background_image=\u00bbhttps:\/\/ostafamp.es\/wp-content\/uploads\/2025\/10\/fondo-web-scaled.png\u00bb parallax=\u00bbon\u00bb parallax_method=\u00bboff\u00bb custom_padding=\u00bb||194px|||\u00bb custom_padding_tablet=\u00bb||194px|||\u00bb custom_padding_phone=\u00bb||107px||false|false\u00bb global_colors_info=\u00bb{}\u00bb][et_pb_row module_id=\u00bbobservatorio\u00bb _builder_version=\u00bb4.27.4&#8243; _module_preset=\u00bbdefault\u00bb max_width_tablet=\u00bb\u00bb max_width_phone=\u00bb\u00bb max_width_last_edited=\u00bbon|desktop\u00bb custom_padding=\u00bb14px|||||\u00bb global_colors_info=\u00bb{}\u00bb][et_pb_column type=\u00bb4_4&#8243; _builder_version=\u00bb4.27.4&#8243; _module_preset=\u00bbdefault\u00bb global_colors_info=\u00bb{}\u00bb][et_pb_text _builder_version=\u00bb4.27.4&#8243; _module_preset=\u00bbdefault\u00bb header_2_text_color=\u00bb#020282&#8243; header_2_font_size=\u00bb31px\u00bb header_2_text_align_tablet=\u00bb\u00bb header_2_text_align_phone=\u00bbcenter\u00bb header_2_text_align_last_edited=\u00bbon|phone\u00bb header_2_font_size_tablet=\u00bb31px\u00bb header_2_font_size_phone=\u00bb26px\u00bb header_2_font_size_last_edited=\u00bbon|desktop\u00bb header_2_line_height_tablet=\u00bb\u00bb header_2_line_height_phone=\u00bb1.3em\u00bb header_2_line_height_last_edited=\u00bbon|phone\u00bb global_colors_info=\u00bb{}\u00bb]<\/p>\n<h2><span data-olk-copy-source=\"MessageBody\">Observatorio para la Sostenibilidad Tur\u00edstica Local de Andaluc\u00eda<\/span><\/h2>\n<p>[\/et_pb_text][\/et_pb_column][\/et_pb_row][et_pb_row column_structure=\u00bb1_3,1_3,1_3&#8243; _builder_version=\u00bb4.27.4&#8243; _module_preset=\u00bbdefault\u00bb global_colors_info=\u00bb{}\u00bb header_text_align_tablet=\u00bbcenter\u00bb header_text_align_phone=\u00bbcenter\u00bb header_text_align_last_edited=\u00bbon|desktop\u00bb header_font_size_tablet=\u00bb22px\u00bb header_font_size_phone=\u00bb22px\u00bb header_font_size_last_edited=\u00bbon|desktop\u00bb header_line_height_tablet=\u00bb1.2em\u00bb header_line_height_phone=\u00bb1.2em\u00bb header_line_height_last_edited=\u00bbon|desktop\u00bb][et_pb_column type=\u00bb1_3&#8243; _builder_version=\u00bb4.27.4&#8243; _module_preset=\u00bbdefault\u00bb global_colors_info=\u00bb{}\u00bb][et_pb_blurb title=\u00bbEspacio aglutinador y concentrador de conocimiento sobre la vertiente que supone el turismo sostenible\u00bb use_icon=\u00bbon\u00bb font_icon=\u00bb&#xf5dc;||fa||900&#8243; icon_color=\u00bb#B7F9C7&#8243; title_tablet=\u00bbEspacio aglutinador y concentrador de conocimiento sobre la vertiente que supone el turismo sostenible\u00bb title_phone=\u00bbEspacio aglutinador y concentrador de conocimiento sobre la vertiente que supone el turismo sostenible\u00bb title_last_edited=\u00bboff|desktop\u00bb _builder_version=\u00bb4.27.4&#8243; _module_preset=\u00bbdefault\u00bb header_font=\u00bb&#8211;et_global_body_font|500|||||||\u00bb header_text_align=\u00bbcenter\u00bb header_text_color=\u00bb#020282&#8243; header_font_size=\u00bb22px\u00bb header_line_height=\u00bb1.2em\u00bb header_text_align_tablet=\u00bbcenter\u00bb header_text_align_phone=\u00bbcenter\u00bb header_text_align_last_edited=\u00bbon|desktop\u00bb header_font_size_tablet=\u00bb22px\u00bb header_font_size_phone=\u00bb18px\u00bb header_font_size_last_edited=\u00bbon|desktop\u00bb header_line_height_tablet=\u00bb1.2em\u00bb header_line_height_phone=\u00bb1.2em\u00bb header_line_height_last_edited=\u00bbon|desktop\u00bb global_colors_info=\u00bb{}\u00bb icon_color__hover_enabled=\u00bbon|hover\u00bb icon_color__hover=\u00bb#020282&#8243;][\/et_pb_blurb][\/et_pb_column][et_pb_column type=\u00bb1_3&#8243; _builder_version=\u00bb4.27.4&#8243; _module_preset=\u00bbdefault\u00bb global_colors_info=\u00bb{}\u00bb][et_pb_blurb title=\u00bbHerramienta de anal\u00edtica avanzada que permite medir efectivamente los impactos del turismo a nivel local\u00bb use_icon=\u00bbon\u00bb font_icon=\u00bb&#xf200;||fa||900&#8243; icon_color=\u00bb#B7F9C7&#8243; title_tablet=\u00bbHerramienta de anal\u00edtica avanzada que permita medir efectivamente los impactos del turismo a nivel local\u00bb title_phone=\u00bbHerramienta de anal\u00edtica avanzada que permita medir efectivamente los impactos del turismo a nivel local\u00bb title_last_edited=\u00bboff|desktop\u00bb _builder_version=\u00bb4.27.4&#8243; _module_preset=\u00bbdefault\u00bb header_font=\u00bb&#8211;et_global_body_font|500|||||||\u00bb header_text_align=\u00bbcenter\u00bb header_text_color=\u00bb#020282&#8243; header_font_size=\u00bb22px\u00bb header_line_height=\u00bb1.2em\u00bb header_text_align_tablet=\u00bbcenter\u00bb header_text_align_phone=\u00bbcenter\u00bb header_text_align_last_edited=\u00bbon|desktop\u00bb header_font_size_tablet=\u00bb22px\u00bb header_font_size_phone=\u00bb18px\u00bb header_font_size_last_edited=\u00bbon|desktop\u00bb header_line_height_tablet=\u00bb1.2em\u00bb header_line_height_phone=\u00bb1.2em\u00bb header_line_height_last_edited=\u00bbon|desktop\u00bb global_colors_info=\u00bb{}\u00bb icon_color__hover=\u00bb#020282&#8243; icon_color__hover_enabled=\u00bbon|hover\u00bb][\/et_pb_blurb][\/et_pb_column][et_pb_column type=\u00bb1_3&#8243; _builder_version=\u00bb4.27.4&#8243; _module_preset=\u00bbdefault\u00bb global_colors_info=\u00bb{}\u00bb][et_pb_blurb title=\u00bbRepositorio de conocimiento y buenas pr\u00e1cticas\u00bb use_icon=\u00bbon\u00bb font_icon=\u00bb&#xf5da;||fa||900&#8243; icon_color=\u00bb#B7F9C7&#8243; title_tablet=\u00bbRepositorio de conocimiento y buenas pr\u00e1cticas\u00bb title_phone=\u00bbRepositorio de conocimiento y buenas pr\u00e1cticas\u00bb title_last_edited=\u00bboff|desktop\u00bb _builder_version=\u00bb4.27.4&#8243; _module_preset=\u00bbdefault\u00bb header_font=\u00bb&#8211;et_global_body_font|500|||||||\u00bb header_text_align=\u00bbcenter\u00bb header_text_color=\u00bb#020282&#8243; header_font_size=\u00bb22px\u00bb header_line_height=\u00bb1.2em\u00bb header_text_align_tablet=\u00bbcenter\u00bb header_text_align_phone=\u00bbcenter\u00bb header_text_align_last_edited=\u00bbon|desktop\u00bb header_font_size_tablet=\u00bb22px\u00bb header_font_size_phone=\u00bb18px\u00bb header_font_size_last_edited=\u00bbon|desktop\u00bb header_line_height_tablet=\u00bb1.2em\u00bb header_line_height_phone=\u00bb1.2em\u00bb header_line_height_last_edited=\u00bbon|desktop\u00bb global_colors_info=\u00bb{}\u00bb icon_color__hover=\u00bb#020282&#8243; icon_color__hover_enabled=\u00bbon|hover\u00bb][\/et_pb_blurb][\/et_pb_column][\/et_pb_row][et_pb_row custom_padding_last_edited=\u00bbon|phone\u00bb module_id=\u00bbindicadores\u00bb _builder_version=\u00bb4.27.4&#8243; _module_preset=\u00bbdefault\u00bb custom_padding=\u00bb94px||110px|||\u00bb custom_padding_tablet=\u00bb94px||110px|||\u00bb custom_padding_phone=\u00bb70px||30px||false|false\u00bb global_colors_info=\u00bb{}\u00bb][et_pb_column type=\u00bb4_4&#8243; _builder_version=\u00bb4.27.4&#8243; _module_preset=\u00bbdefault\u00bb global_colors_info=\u00bb{}\u00bb][et_pb_text _builder_version=\u00bb4.27.4&#8243; _module_preset=\u00bbdefault\u00bb header_2_text_color=\u00bb#020282&#8243; custom_margin=\u00bb||41px|||\u00bb global_colors_info=\u00bb{}\u00bb]<\/p>\n<h2><span data-olk-copy-source=\"MessageBody\">Indicadores<\/span><\/h2>\n<p>[\/et_pb_text][et_pb_image src=\u00bbhttps:\/\/ostafamp.es\/wp-content\/uploads\/2025\/11\/INFOGRAFIA-fondo-osta-scaled.png\u00bb title_text=\u00bbINFOGRAFI\u0301A fondo osta\u00bb url=\u00bbhttps:\/\/ostafamp.es\/wp-content\/uploads\/2025\/10\/INFOGRAFIA-fondo-osta-scaled.png\u00bb url_new_window=\u00bbon\u00bb align_tablet=\u00bb\u00bb align_phone=\u00bbcenter\u00bb align_last_edited=\u00bbon|phone\u00bb _builder_version=\u00bb4.27.4&#8243; _module_preset=\u00bbdefault\u00bb width=\u00bb105%\u00bb width_tablet=\u00bb105%\u00bb width_phone=\u00bb105%\u00bb width_last_edited=\u00bbon|desktop\u00bb global_colors_info=\u00bb{}\u00bb][\/et_pb_image][et_pb_accordion open_toggle_text_color=\u00bb#020282&#8243; open_toggle_background_color=\u00bb#FFFFFF\u00bb closed_toggle_background_color=\u00bb#020282&#8243; icon_color=\u00bb#B7F9C7&#8243; _builder_version=\u00bb4.27.4&#8243; _module_preset=\u00bbdefault\u00bb toggle_text_color=\u00bb#B7F9C7&#8243; toggle_level=\u00bbh3&#8243; border_color_all=\u00bb#B7F9C7&#8243; global_colors_info=\u00bb{}\u00bb][et_pb_accordion_item title=\u00bbDimensi\u00f3n gobernanza\u00bb open=\u00bbon\u00bb _builder_version=\u00bb4.27.4&#8243; _module_preset=\u00bbdefault\u00bb global_colors_info=\u00bb{}\u00bb toggle_level=\u00bbh3&#8243;]<\/p>\n<h4>A1 &#8211; Estrategia de desarrollo de turismo sostenible<\/h4>\n<p><span>Este indicador refleja si los municipios cuentan actualmente con estrategias o planes de turismo sostenible y las principales caracter\u00edsticas de los mismos.<\/span><\/p>\n<h4>A2 \u2013 Declaraci\u00f3n de municipio tur\u00edstico de acuerdo con el Decreto 72\/2017, de 13 de junio, de Municipio Tur\u00edstico de Andaluc\u00eda<\/h4>\n<p><span><\/span>E<span>l Decreto 72\/2017, de 13 de junio, de Municipio Tur\u00edstico de Andaluc\u00eda establece la posibilidad de que los municipios que cumplan con una serie de requisitos puedan solicitar la declaraci\u00f3n de Municipio Tur\u00edstico, cuya principal finalidad es la de promover la calidad en la prestaci\u00f3n de los servicios municipales al conjunto de la poblaci\u00f3n tur\u00edstica asistida mediante una acci\u00f3n concertada de fomento. Este indicador se\u00f1ala los municipios andaluces que cuentan con esta declaraci\u00f3n.<\/span><\/p>\n<p>[\/et_pb_accordion_item][et_pb_accordion_item title=\u00bbDimensi\u00f3n econ\u00f3mica\u00bb _builder_version=\u00bb4.27.4&#8243; _module_preset=\u00bbdefault\u00bb global_colors_info=\u00bb{}\u00bb toggle_level=\u00bbh3&#8243; open=\u00bboff\u00bb]<\/p>\n<h4>B1 \u2013 <span data-olk-copy-source=\"MessageBody\">Estad\u00edsticas turismo en hoteles<\/span><\/h4>\n<p><span>Este indicador recoge distintos subindicadores vinculados a la Encuesta de Ocupaci\u00f3n Hotelera del Instituto Nacional de Estad\u00edstica (INE) para puntos tur\u00edsticos de Andaluc\u00eda:<\/span><\/p>\n<ul class=\"list-disc pl-6\">\n<li>N\u00famero de establecimientos abiertos estimados.<\/li>\n<li>N\u00famero de habitaciones estimadas.<\/li>\n<li>N\u00famero de plazas estimadas.<\/li>\n<li>Grado de ocupaci\u00f3n por plazas.<\/li>\n<li>Grado de ocupaci\u00f3n por habitaciones.<\/li>\n<li>Personal empleado.<\/li>\n<li>Estancia media en establecimientos hoteleros.<\/li>\n<\/ul>\n<h4>B2 \u2013 <span data-olk-copy-source=\"MessageBody\">Estad\u00edsticas turismo en apartamentos tur\u00edsticos<\/span><\/h4>\n<p>Este indicador recoge distintos subindicadores vinculados a la Encuesta de Ocupaci\u00f3n en alojamientos tur\u00edsticos extrahoteleros del Instituto Nacional de Estad\u00edstica (INE) para puntos tur\u00edsticos de Andaluc\u00eda:<\/p>\n<ul class=\"list-disc pl-6\">\n<li>N\u00famero de apartamentos abiertos estimados.<\/li>\n<li>N\u00famero de plazas estimadas.<\/li>\n<li>Grado de ocupaci\u00f3n por plazas.<\/li>\n<li>Grado de ocupaci\u00f3n por apartamentos.<\/li>\n<li>Personal empleado.<\/li>\n<li>Estancia media en apartamentos tur\u00edsticos.<\/li>\n<\/ul>\n<h4>B3 \u2013 <span data-olk-copy-source=\"MessageBody\">Estad\u00edsticas turismo en campings<\/span><\/h4>\n<p>Este indicador recoge distintos subindicadores vinculados a la Encuesta de Ocupaci\u00f3n en campings del Instituto Nacional de Estad\u00edstica (INE) para puntos tur\u00edsticos de Andaluc\u00eda:<\/p>\n<ul class=\"list-disc pl-6\">\n<li>N\u00famero de camping abiertos estimados.<\/li>\n<li>N\u00famero de plazas estimadas.<\/li>\n<li>N\u00famero de parcelas.<\/li>\n<li>N\u00famero de parcelas ocupadas.<\/li>\n<li>Grado de ocupaci\u00f3n por parcelas.<\/li>\n<li>Personal empleado.<\/li>\n<li>Estancia media en campings.<\/li>\n<\/ul>\n<h4>B4 \u2013 Viviendas de uso tur\u00edstico activas<\/h4>\n<p>Este indicador ofrece los datos del estudio experimental del INE cuyo principal objetivo es estimar y analizar la oferta de viviendas de uso tur\u00edstico (VUT), sus plazas y su proporci\u00f3n respecto al total de viviendas.<\/p>\n<h4>B5 \u2013 Estacionalidad del turismo<\/h4>\n<p>Este indicador mide la concentraci\u00f3n temporal de la actividad tur\u00edstica durante el a\u00f1o, revelando potencialmente un desequilibrio entre la presi\u00f3n y la actividad econ\u00f3mica, as\u00ed como la vulnerabilidad a las perturbaciones de la demanda. Para ello, considera dos par\u00e1metros de medida:<\/p>\n<ul class=\"list-disc pl-6\">\n<li><strong>\u00cdndice de Gini.<\/strong><span>\u00a0<\/span>Refleja la concentraci\u00f3n temporal del turismo: en un rango entre 0 y 1. Valores altos indican fuerte concentraci\u00f3n en pocos meses y valores bajos, una distribuci\u00f3n m\u00e1s uniforme.<\/li>\n<li><strong>Porcentaje de visitantes durante los meses de verano.<\/strong><\/li>\n<\/ul>\n<h4>B6 \u2013 N\u00famero de visitantes seg\u00fan posici\u00f3n m\u00f3vil<\/h4>\n<p>Este indicador ofrece los datos del estudio experimental cuyo objetivo principal es conocer de forma agregada, a trav\u00e9s de la se\u00f1alizaci\u00f3n de los tel\u00e9fonos m\u00f3viles, mediante eventos activos y pasivos captados por las antenas de telefon\u00eda:<\/p>\n<ul class=\"list-disc pl-6\">\n<li>La procedencia y pa\u00eds\/pa\u00edses que visitan los turistas residentes en sus viajes al extranjero.<\/li>\n<li>La procedencia de los turistas extranjeros que visitan los distintos municipios.<\/li>\n<li>La procedencia y destino de los turistas residentes que visitan las distintas comunidades aut\u00f3nomas, provincias y municipios.<\/li>\n<\/ul>\n<h4>B7.1 \u2013 Tr\u00e1fico a\u00e9reo<\/h4>\n<p>Estad\u00edstica mensual del tr\u00e1fico de pasajeros comerciales en los principales aeropuertos espa\u00f1oles y los helipuertos de Ceuta y Algeciras. Los datos de AENA reflejan el movimiento de pasajeros comerciales en los aeropuertos de la red de AENA, incluyendo salidas y entradas.<\/p>\n<h4 class=\"mt-6\">B7.2 \u2013 Tr\u00e1fico portuario<\/h4>\n<p>Estad\u00edstica mensual del tr\u00e1fico de pasajeros y n\u00famero de buques del Sistema Portuario de Titularidad Estatal.<br \/>Se consideran los pasajeros en r\u00e9gimen de transporte y de crucero tur\u00edstico de forma agregada (n\u00famero de pasajeros totales) y de forma desagregada tambi\u00e9n los pasajeros de crucero tur\u00edstico.<\/p>\n<p>[\/et_pb_accordion_item][et_pb_accordion_item title=\u00bbDimensi\u00f3n sociocultural\u00bb _builder_version=\u00bb4.27.4&#8243; _module_preset=\u00bbdefault\u00bb global_colors_info=\u00bb{}\u00bb toggle_level=\u00bbh3&#8243; open=\u00bboff\u00bb]<\/p>\n<h4>C1 \u2013 <span data-olk-copy-source=\"MessageBody\">Estudio de percepci\u00f3n ciudadana sobre el turismo<\/span><\/h4>\n<p>Este indicador recoge la existencia o no de estudios de percepci\u00f3n ciudadana por parte de los residentes locales con el desarrollo tur\u00edstico.<\/p>\n<h4>C2 \u2013 Ratio turistas poblaci\u00f3n<\/h4>\n<p>Este indicador mide el porcentaje de poblaci\u00f3n regional residente en municipios con mayor intensidad y densidad tur\u00edstica El indicador utiliza el ratio de visitantes por superficie (densidad) y por poblaci\u00f3n local (intensidad).<\/p>\n<h4>C3 \u2013 <span data-olk-copy-source=\"MessageBody\">Estudio de satisfacci\u00f3n de las personas visitantes<\/span><\/h4>\n<p>Este indicador se centra en la satisfacci\u00f3n percibida en las personas visitantes respecto a su estancia tur\u00edstica, que puede constituir un signo de la repercusi\u00f3n que la experiencia de estas personas tiene en el bienestar y el atractivo de los destinos.<\/p>\n<h4>C4 \u2013 Estrategia de accesibilidad tur\u00edstica<\/h4>\n<p>El indicador proporciona una imagen del trabajo realizado por las instituciones p\u00fablicas para ofrecer informaci\u00f3n y soluciones de accesibilidad a los visitantes, en este caso, en forma de la existencia de estrategias o planes de accesibilidad tur\u00edstica.<\/p>\n<h4>C5 \u2013 Porcentaje de segundas residencias<\/h4>\n<p>El indicador proporciona datos a nivel proporcional del n\u00famero de unidades familiares que cuentan con una segunda residencia de car\u00e1cter vacacional.<\/p>\n<p>[\/et_pb_accordion_item][et_pb_accordion_item title=\u00bbDimensi\u00f3n medioambiental\u00bb _builder_version=\u00bb4.27.4&#8243; _module_preset=\u00bbdefault\u00bb global_colors_info=\u00bb{}\u00bb toggle_level=\u00bbh3&#8243; open=\u00bboff\u00bb]<\/p>\n<h4>D1 \u2013 Calidad de playas<\/h4>\n<p>Este indicador mide y geolocaliza el n\u00famero de banderas azules con las que cuentan las playas de la Comunidad Aut\u00f3noma de Andaluc\u00eda.<\/p>\n<h4>D2 \u2013 Espacios naturales protegidos<\/h4>\n<p>Este indicador mide y geolocaliza el n\u00famero de espacios naturales ubicados en la Comunidad Aut\u00f3noma de Andaluc\u00eda.<\/p>\n<p>[\/et_pb_accordion_item][\/et_pb_accordion][\/et_pb_column][\/et_pb_row][et_pb_row custom_padding_last_edited=\u00bbon|desktop\u00bb module_id=\u00bbacceso\u00bb _builder_version=\u00bb4.27.4&#8243; _module_preset=\u00bbdefault\u00bb background_color=\u00bb#020282&#8243; custom_margin=\u00bb77px|auto||auto|false|true\u00bb custom_padding=\u00bb99px||99px||true|true\u00bb custom_padding_tablet=\u00bb99px||99px||true|true\u00bb custom_padding_phone=\u00bb48px|21px|48px|21px|true|true\u00bb link_option_url=\u00bbhttps:\/\/observatorio.ostafamp.es\u00bb link_option_url_new_window=\u00bbon\u00bb hover_enabled=\u00bb0&#8243; border_radii=\u00bbon|15px|15px|15px|15px\u00bb border_width_all=\u00bb8px\u00bb border_color_all=\u00bb#B7F9C7&#8243; box_shadow_style=\u00bbpreset3&#8243; box_shadow_vertical=\u00bb11px\u00bb box_shadow_blur=\u00bb11px\u00bb box_shadow_color=\u00bbrgba(2,2,130,0.29)\u00bb global_colors_info=\u00bb{}\u00bb background__hover_enabled=\u00bbon|desktop\u00bb background_color__hover=\u00bb#393982&#8243; background_enable_color__hover=\u00bbon\u00bb border_width_all__hover_enabled=\u00bbon|hover\u00bb border_width_all__hover=\u00bb15px\u00bb sticky_enabled=\u00bb0&#8243;][et_pb_column type=\u00bb4_4&#8243; _builder_version=\u00bb4.27.4&#8243; _module_preset=\u00bbdefault\u00bb global_colors_info=\u00bb{}\u00bb][et_pb_text _builder_version=\u00bb4.27.4&#8243; _module_preset=\u00bbdefault\u00bb text_text_color=\u00bb#FFFFFF\u00bb text_font_size=\u00bb22px\u00bb header_2_text_align=\u00bbcenter\u00bb header_2_text_color=\u00bb#FFFFFF\u00bb header_2_font_size=\u00bb40px\u00bb text_orientation=\u00bbcenter\u00bb hover_enabled=\u00bb0&#8243; text_font_size_tablet=\u00bb22px\u00bb text_font_size_phone=\u00bb19px\u00bb text_font_size_last_edited=\u00bbon|desktop\u00bb text_line_height_tablet=\u00bb\u00bb text_line_height_phone=\u00bb1.3em\u00bb text_line_height_last_edited=\u00bbon|phone\u00bb header_2_font_size_tablet=\u00bb40px\u00bb header_2_font_size_phone=\u00bb33px\u00bb header_2_font_size_last_edited=\u00bbon|desktop\u00bb header_2_line_height_tablet=\u00bb\u00bb header_2_line_height_phone=\u00bb1.2em\u00bb header_2_line_height_last_edited=\u00bbon|phone\u00bb global_colors_info=\u00bb{}\u00bb header_2_text_color__hover_enabled=\u00bbon|desktop\u00bb header_2_text_color__hover=\u00bb#FFFFFF\u00bb text_text_color__hover_enabled=\u00bbon|hover\u00bb text_text_color__hover=\u00bb#FFFFFF\u00bb header_2_font_size__hover_enabled=\u00bbon|desktop\u00bb header_2_font_size__hover=\u00bb40px\u00bb sticky_enabled=\u00bb0&#8243;]<\/p>\n<h2>Acceso a la Plataforma<\/h2>\n<p>Observatorio de Sostenibilidad Tur\u00edstica Local de Andaluc\u00eda<\/p>\n<p>[\/et_pb_text][\/et_pb_column][\/et_pb_row][\/et_pb_section]<\/p>\n","protected":false},"excerpt":{"rendered":"<p>Observatorio para la Sostenibilidad Tur\u00edstica Local de Andaluc\u00eda Conocimiento sobre el desarrollo de la sostenibilidad tur\u00edstica a escala local en Andaluc\u00edaObservatorio para la Sostenibilidad Tur\u00edstica Local de Andaluc\u00edaIndicadoresA1 &#8211; Estrategia de desarrollo de turismo sostenible Este indicador refleja si los municipios cuentan actualmente con estrategias o planes de turismo sostenible y las principales caracter\u00edsticas de [&hellip;]<\/p>\n","protected":false},"author":1,"featured_media":0,"parent":0,"menu_order":0,"comment_status":"closed","ping_status":"closed","template":"","meta":{"_et_pb_use_builder":"on","_et_pb_old_content":"<!-- wp:paragraph -->\n<p>This is an example page. It's different from a blog post because it will stay in one place and will show up in your site navigation (in most themes). Most people start with an About page that introduces them to potential site visitors. It might say something like this:<\/p>\n<!-- \/wp:paragraph -->\n\n<!-- wp:quote -->\n<blockquote class=\"wp-block-quote\"><p>Hi there! I'm a bike messenger by day, aspiring actor by night, and this is my website. I live in Los Angeles, have a great dog named Jack, and I like pi&#241;a coladas. (And gettin' caught in the rain.)<\/p><\/blockquote>\n<!-- \/wp:quote -->\n\n<!-- wp:paragraph -->\n<p>...or something like this:<\/p>\n<!-- \/wp:paragraph -->\n\n<!-- wp:quote -->\n<blockquote class=\"wp-block-quote\"><p>The XYZ Doohickey Company was founded in 1971, and has been providing quality doohickeys to the public ever since. Located in Gotham City, XYZ employs over 2,000 people and does all kinds of awesome things for the Gotham community.<\/p><\/blockquote>\n<!-- \/wp:quote -->\n\n<!-- wp:paragraph -->\n<p>As a new WordPress user, you should go to <a href=\"https:\/\/ostafamp.es\/wp-admin\/\">your dashboard<\/a> to delete this page and create new pages for your content. Have fun!<\/p>\n<!-- \/wp:paragraph -->","_et_gb_content_width":"","footnotes":""},"class_list":["post-2","page","type-page","status-publish","hentry"],"_links":{"self":[{"href":"https:\/\/ostafamp.es\/index.php?rest_route=\/wp\/v2\/pages\/2","targetHints":{"allow":["GET"]}}],"collection":[{"href":"https:\/\/ostafamp.es\/index.php?rest_route=\/wp\/v2\/pages"}],"about":[{"href":"https:\/\/ostafamp.es\/index.php?rest_route=\/wp\/v2\/types\/page"}],"author":[{"embeddable":true,"href":"https:\/\/ostafamp.es\/index.php?rest_route=\/wp\/v2\/users\/1"}],"replies":[{"embeddable":true,"href":"https:\/\/ostafamp.es\/index.php?rest_route=%2Fwp%2Fv2%2Fcomments&post=2"}],"version-history":[{"count":43,"href":"https:\/\/ostafamp.es\/index.php?rest_route=\/wp\/v2\/pages\/2\/revisions"}],"predecessor-version":[{"id":137,"href":"https:\/\/ostafamp.es\/index.php?rest_route=\/wp\/v2\/pages\/2\/revisions\/137"}],"wp:attachment":[{"href":"https:\/\/ostafamp.es\/index.php?rest_route=%2Fwp%2Fv2%2Fmedia&parent=2"}],"curies":[{"name":"wp","href":"https:\/\/api.w.org\/{rel}","templated":true}]}}